rt 0 (base 6) to base 7.
0
2 (base 7) to base 8
2
-33 (base 11) to base 12
-30
Convert 22 (base 12) to base 4.
122
What is 1 (base 2) in base 8?
1
What is -2 (base 3) in base 10?
-2
-93 (base 14) to base 11
-108
Convert 1 (base 8) to base 16.
1
Convert 10 (base 13) to base 12.
11
What is 27 (base 15) in base 8?
45
Convert 0 (base 12) to base 2.
0
-15 (base 9) to base 6
-22
What is -275 (base 11) in base 15?
-169
5 (base 7) to base 13
5
12 (base 13) to base 7
21
What is 61 (base 8) in base 13?
3a
What is 5d (base 14) in base 10?
83
7 (base 10) to base 8
7
-5 (base 11) to base 12
-5
What is -107 (base 13) in base 8?
-260
-4 (base 16) to base 7
-4
What is 1111 (base 4) in base 14?
61
-64 (base 13) to base 2
-1010010
Convert 1c (base 15) to base 13.
21
-3 (base 16) to base 5
-3
What is 1 (base 12) in base 6?
1
Convert 1 (base 12) to base 2.
1
-141 (base 14) to base 4
-3331
Convert 4 (base 16) to base 12.
4
What is -1 (base 9) in base 15?
-1
What is -1 (base 12) in base 16?
-1
What is 32 (base 16) in base 15?
35
What is 1111011 (base 2) in base 8?
173
What is 3 (base 7) in base 14?
3
Convert -35 (base 12) to base 11.
-38
Convert 101 (base 2) to base 3.
12
Convert 12 (base 3) to base 15.
5
11101111 (base 2) to base 9
285
Convert 98 (base 16) to base 2.
10011000
Convert 12 (base 7) to base 11.
9
What is 0 (base 16) in base 7?
0
What is 133 (base 9) in base 13?
87
What is 12 (base 6) in base 10?
8
What is -4 (base 13) in base 4?
-10
2221 (base 3) to base 12
67
What is -11 (base 2) in base 11?
-3
What is 4 (base 7) in base 5?
4
Convert 11 (base 14) to base 2.
1111
-201 (base 5) to base 12
-43
What is 1 (base 2) in base 7?
1
What is -3 (base 8) in base 3?
-10
What is -2 (base 4) in base 10?
-2
What is -4 (base 13) in base 14?
-4
What is 1 (base 5) in base 11?
1
-6 (base 11) to base 5
-11
What is 147 (base 9) in base 14?
8c
What is 111 (base 8) in base 13?
58
3 (base 15) to base 5
3
Convert 11001 (base 3) to base 11.
9a
Convert 31 (base 5) to base 6.
24
What is -1 (base 12) in base 8?
-1
Convert -1000 (base 3) to base 12.
-23
What is 12 (base 16) in base 15?
13
What is -13 (base 5) in base 16?
-8
What is -1 (base 6) in base 10?
-1
What is 20 (base 9) in base 12?
16
What is 152 (base 10) in base 5?
1102
What is -15 (base 6) in base 9?
-12
Convert -1 (base 6) to base 3.
-1
What is -16 (base 15) in base 4?
-111
Convert 123 (base 4) to base 7.
36
What is 1 (base 3) in base 9?
1
What is -4 (base 13) in base 7?
-4
-1001 (base 2) to base 4
-21
3 (base 7) to base 12
3
What is -4 (base 9) in base 14?
-4
Convert 2 (base 7) to base 10.
2
-48 (base 14) to base 9
-71
What is -2 (base 13) in base 16?
-2
Convert 77 (base 15) to base 8.
160
Convert 1 (base 8) to base 16.
1
What is 342 (base 5) in base 4?
1201
25 (base 14) to base 13
27
-6 (base 9) to base 6
-10
2 (base 12) to base 15
2
1 (base 10) to base 4
1
30 (base 5) to base 6
23
1 (base 2) to base 9
1
What is -30 (base 11) in base 3?
-1020
-2 (base 5) to base 12
-2
What is 31 (base 4) in base 14?
d
What is 75 (base 13) in base 9?
116
-13d (base 15) to base 10
-283
What is 10 (base 12) in base 9?
13
What is 1 (base 9) in base 6?
1
-110 (base 6) to base 8
-52
-1113 (base 4) to base 9
-106
66 (base 14) to base 10
90
154 (base 6) to base 4
1012
Convert 423 (base 5) to base 4.
1301
2b (base 14) to base 9
43
-152 (base 15) to base 14
-178
203 (base 4) to base 3
1022
What is -1 (base 4) in base 13?
-1
-153 (base 11) to base 8
-263
0 (base 3) to base 15
0
What is 52 (base 13) in base 16?
43
-102 (base 9) to base 2
-1010011
What is 2 (base 16) in base 8?
2
-2121 (base 3) to base 8
-106
Convert 11 (base 2) to base 5.
3
What is 3 (base 8) in base 7?
3
Convert 70 (base 14) to base 2.
1100010
Convert -201 (base 3) to base 15.
-14
Convert -261 (base 9) to base 13.
-139
What is -4 (base 16) in base 12?
-4
-1a (base 11) to base 14
-17
-4 (base 13) to base 8
-4
Convert 58 (base 16) to base 2.
1011000
Convert -73 (base 10) to base 6.
-201
What is -1030 (base 6) in base 12?
-176
What is 16 (base 9) in base 8?
17
Convert 5 (base 8) to base 13.
5
-33 (base 12) to base 15
-29
102 (base 3) to base 8
13
Convert -133 (base 5) to base 9.
-47
46 (base 7) to base 12
2a
Convert -147 (base 11) to base 13.
-103
-322 (base 4) to base 8
-72
-1 (base 8) to base 7
-1
Convert -33 (base 16) to base 6.
-123
What is 10 (base 9) in base 13?
9
-3 (base 13) to base 7
-3
Convert -225 (base 9) to base 4.
-2321
52 (base 8) to base 15
2c
Convert 201 (base 4) to base 10.
33
Convert -10 (base 9) to base 3.
-100
-18 (base 9) to base 4
-101
What is -1b (base 13) in base 7?
-33
What is 1 (base 5) in base 12?
1
What is 203 (base 4) in base 2?
100011
What is 4 (base 14) in base 12?
4
Convert 30 (base 6) to base 7.
24
31 (base 11) to base 2
100010
Convert -21 (base 7) to base 12.
-13
-1010 (base 2) to base 6
-14
3 (base 13) to base 14
3
What is 0 (base 13) in base 2?
0
What is -57 (base 9) in base 4?
-310
-5 (base 12) to base 2
-101
-9 (base 12) to base 15
-9
2 (base 14) to base 13
2
What is 0 (base 2) in base 9?
0
What is 104 (base 9) in base 11?
78
Convert -11 (base 7) to base 10.
-8
Convert -75 (base 12) to base 8.
-131
Convert -3a (base 11) to base 15.
-2d
Convert 44 (base 12) to base 16.
34
What is -211 (base 7) in base 2?
-1101010
What is 2 (base 10) in base 16?
2
Convert 0 (base 14) to base 6.
0
What is 205 (base 7) in base 10?
103
Convert -431 (base 8) to base 15.
-13b
320 (base 4) to base 12
48
23 (base 6) to base 12
13
3 (base 6) to base 2
11
18 (base 10) to base 16
12
Convert 2343 (base 5) to base 3.
110220
266 (base 10) to base 9
325
What is -135 (base 16) in base 8?
-465
What is -114 (base 5) in base 11?
-31
Convert 30 (base 5) to base 15.
10
-441 (base 10) to base 3
-121100
-69 (base 16) to base 5
-410
4 (base 6) to base 16
4
Convert 41 (base 5) to base 2.
10101
Convert 0 (base 3) to base 8.
0
Convert 0 (base 11) to base 4.
0
Convert -54 (base 12) to base 5.
-224
What is 25 (base 9) in base 14?
19
What is -110 (base 9) in base 16?
-5a
46 (base 11) to base 3
1212
2 (base 10) to base 8
2
What is 110 (base 2) in base 16?
6
What is -3 (base 11) in base 8?
-3
100 (base 2) to base 11
4
What is 4 (base 9) in base 11?
4
What is 0 (base 8) in base 4?
0
Convert -51 (base 7) to base 12.
-30
-10001 (base 2) to base 11
-16
What is 0 (base 9) in base 5?
0
13 (base 8) to base 16
b
Convert -57 (base 11) to base 4.
-332
What is -4 (base 9) in base 8?
-4
What is b (base 16) in base 15?
b
-202 (base 4) to base 7
-46
10 (base 2) to base 9
2
Convert -8 (base 10) to base 9.
-8
What is -1 (base 13) in base 8?
-1
4 (base 6) to base 12
4
What is 21 (base 10) in base 13?
18
What is -2 (base 7) in base 12?
-2
What is 21 (base 3) in base 10?
7
What is -41 (base 11) in base 3?
-1200
What is 11 (base 3) in base 2?
100
What is 0 (base 8) in base 15?
0
What is 44 (base 5) in base 14?
1a
What is 51 (base 6) in base 8?
37
What is -13 (base 6) in base 14?
-9
What is -2010 (base 3) in base 2?
-111001
What is 242 (base 8) in base 2?
10100010
What is -73 (base 8) in base 7?
-113
Convert -2 (base 14) to base 5.
-2
303 (base 4) to base 10
51
1 (base 12) to base 14
1
-322 (base 5) to base 15
-5c
Convert -4 (base 14) to base 3.
-11
What is 12 (base 14) in base 13?
13
Convert 25 (base 13) to base 2.
11111
What is 0 (base 16) in base 9?
0
12 (base 3) to base 13
5
What is -4 (base 16) in base 5?
-4
Convert 46 (base 8) to base 3.
1102
-6 (base 8) to base 2
-110
-4 (base 6) to base 5
-4
What is -5 (base 6) in base 10?
-5
7 (base 14) to base 6
11
0 (base 15) to base 2
0
What is 48 (base 10) in base 9?
53
c6 (base 14) to base 10
174
-122 (base 3) to base 2
-10001
Convert -2 (base 5) to base 4.
-2
-3 (base 8) to base 4
-3
3033 (base 4) to base 11
179
What is -2 (base 14) in base 8?
-2
Convert -21 (base 9) to base 8.
-23
Convert -26 (base 9) to base 12.
-20
-3 (base 14) to base 15
-3
5 (base 10) to base 13
5
1 (base 9) to base 11
1
Convert 30 (base 6) to base 7.
24
9 (base 11) to base 9
10
What is 20221 (base 3) in base 2?
10111011
What is -12 (base 12) in base 7?
-20
Convert -117 (base 10) to base 5.
-432
-24 (base 8) to base 16
-14
What is -26 (base 15) in base 5?
-121
What is 5 (base 7) in base 2?
101
What is -103 (base 14) in base 2?
-11000111
7 (base 12) to base 6
11
Convert e (base 15) to base